ue
Suppose -4*x = -3*m - 1, 5*x + 1 = 21. Suppose m*b = 10*b - 13255. Suppose 5*k - b = -4*l + l, -4 = -k. Is l a prime number?
True
Let z be -65 + 1 + -2 + 2. Let s = z - -95. Is s composite?
False
Suppose 0 = -5*i + 35, 3*q + 5*i - 578634 = 24584. Is q composite?
True
Let l(b) = 448*b**2 + 65*b - 329. Is l(18) a prime number?
False
Suppose 104*f = 83*f + 5929329. Is f a prime number?
True
Suppose -4*r + 886209 = 6*r - 1100401. Is r composite?
True
Let i = -24 + 34. Suppose -12*t + 11*t + i = 0. Suppose -t*l + 14*l = 1004. Is l a composite number?
False
Let q(t) = -3667*t - 3024. Is q(-5) a composite number?
True
Suppose -k - 5764 = -4*h - 19070, -39974 = -3*k - 2*h. Let v = -2953 + k. Is v composite?
False
Let j(o) = -10*o**3 - 10*o**2 - 14*o + 5. Let t = -183 - -171. Is j(t) prime?
False
Let j(h) = 237*h**3 + 7*h**2 + 37*h - 209. Is j(18) composite?
False
Let j be ((-346)/4 + -4)*(-2 + -2). Let x = 804 + j. Suppose o = -o + x. Is o a prime number?
False
Let x = 8778 - 977. Suppose -5*i + 2*o = -x, -5*i = -3*o - 10200 + 2396. Is i a prime number?
True
Let v = 1955846 - 1022905. Is v a composite number?
False
Suppose 27*x + 20*x = 1504. Is 2/((x/9992)/2) a composite number?
False
Let v = -24223 - -60440. Is v a composite number?
False
Is (33739/(-2) + 0)*(294/7 + -44) a prime number?
True
Suppose -2*w + 1218 = 4*w. Is ((-255)/(-18))/(5 - w/42) a composite number?
True
Let z be -17*(21/(-28) + 4719/4). Let t = 30050 + z. Is t composite?
False
Let q = 81 + -81. Suppose 5*p + 0*p + 2*r - 20939 = q, p = 2*r + 4195. Is p composite?
True
Let l be -6 + 80/8 + 1*-2. Suppose 5244 - 1718 = l*z. Is z composite?
True
Is ((6/6)/(-1))/((-5)/2444645) prime?
False
Let f be 6*((-105)/(-10) + (-3)/(-18)). Let p = f - 62. Suppose -2*q + 6*u = 4*u - 420, -p*q = -4*u - 418. Is q prime?
True
Suppose 0 = -18*o + 119338 + 138944. Suppose 314*s = 317*s - o. Is s a prime number?
True
Suppose 4*p = -f + 5*f - 12, 4*p = f - 3. Let k(o) = 25*o**2 - 2*o + 1. Let i be k(1). Is ((-1)/f*1906)/(i/(-36)) a composite number?
False
Let k(y) = -y**3 - 8*y**2 - 31*y + 21. Let a be k(-19). Suppose 3183 + a = 6*q. Is q a composite number?
True
Suppose -17*a = -39*a + 154. Suppose -a*m = -2*m - 5*g - 9180, 5*m - 9183 = 2*g. Is m composite?
True
Suppose 10*p - 13*p = -30348. Suppose -4*r = -r + 3*o - p, -r + 3378 = 3*o. Is r a prime number?
False
Let m be (-1 + 6)*(-70)/25. Let s(o) = -o**2 - 15*o - 12. Let l be s(m). Suppose 8*x = -l*x + 34490. Is x prime?
True
Let y(h) = 74*h**2 + 29*h - 10. Let f = 746 + -737. Is y(f) composite?
True
Suppose -32*h = 7*h. Is (h + 1)/((-6)/(-31254)*1) a prime number?
True
Let k be -5451 + 18*(-4)/8. Is (-3)/3*(18 - 17) - k composite?
True
Is ((-756212)/(-970))/(4/30) composite?
True
Let m(r) = 2*r + 36*r**3 + 3 + 9 + 0 - 9. Suppose -2*a + 3*u + 4 = u, 5*a = 2*u + 10. Is m(a) a composite number?
True
Suppose 2*f + 2*c + 2 = 0, -4*f + c = -2*f - 7. Let a be (-53)/(-11) - (-2)/11. Suppose -f*b - 327 = -a*b. Is b a composite number?
False
Let g = 4 + -7. Let b be (-416)/(-8) + 2 + g. Is (-6)/b + (-594396)/(-68) composite?
False
Let w be (4/5)/(10/25). Suppose -2*h + t + 25 = -w*t, -5 = -3*h - 2*t. Suppose -4*r - h*q + 448 = -8*q, 416 = 4*r + 5*q. Is r a prime number?
True
Let v(x) = 6*x - 9. Suppose u + 40 = 6*u. Suppose u*i = 3*i + 25. Is v(i) a prime number?
False
Let x be 4/(33/(-9) + 4). Suppose 0 = -3*g - g + 3*n + 79, -4*n = -x. Suppose 2*y + g = 3*y. Is y prime?
False
Let g(b) be the third derivative of b**4/3 - 3*b**3/2 - 23*b**2. Let z = 41 + -33. Is g(z) prime?
False
Suppose 0 = 13*o - 37*o + 2295840. Suppose 4*w = -9*n + 6*n + 95680, 2*n = 4*w - o. Is w composite?
False
Suppose 0 = -2*k - 4, 5*k = 5*g - 142457 - 124558. Is g composite?
False
Let d be 11*(-584)/12*-3. Suppose -13283 - d = -3*n. Is n a prime number?
False
Let a = -21231 - -11582. Let q = -4790 - a. Is q a prime number?
False
Let c = -5 - -10. Suppose -961*a - 1821 = -964*a. Suppose 7*i - 2*i - a = k, i = -c*k + 111. Is i composite?
True
Let z = -196898 - -286357. Is z prime?
True
Is (-216694)/((10/(-15))/((-16)/24))*-1 a composite number?
True
Let o be 8/12*3 + 2. Let j = 30 - 28. Suppose -3*p - 5445 = -3*h, -j*h - o*p + p + 3650 = 0. Is h prime?
False
Suppose -a + 4*p = 48117, 96267 = -2*a - 10*p + 7*p. Let w = 120064 + a. Is w a prime number?
False
Let f(d) be the second derivative of -235*d**3/3 + d**2/2 - 246*d. Let a be (-2)/((-4)/2)*-2. Is f(a) composite?
False
Is (122644/20)/(896/(-100) - (1 + -10)) composite?
True
Let r(k) = 3*k - 5. Let i be r(-14). Let l = -42 - i. Suppose -2491 = -5*z + 2*j, -j = l*z + j - 2499. Is z prime?
True
Is (-11 - 1) + (106 - -424027) a prime number?
True
Let a(s) be the second derivative of 3*s**4/2 + 13*s**3/6 - 17*s**2/2 + 4*s. Let c be a(7). Let r = -370 + c. Is r a composite number?
True
Is 155/(-217) + (-5819176)/(-28) prime?
False
Suppose 5*c - 35 = -5*o, -2*o - 6 - 5 = -3*c. Suppose 161*k - i = 158*k + 240, -3*k + 240 = -3*i. Is -4*((-2244)/k + (-1)/c) composite?
False
Is 8/(-6) + (-2700)/405 - -45785 composite?
True
Let j = 18122 + -13023. Is j a prime number?
True
Suppose 0 = -3*d - 4*n + 8747, 2*d - 7351 = 5*n - 1535. Suppose -2*s - 2*a + 3*a + 1165 = 0, 0 = 5*s - 2*a - d. Is s a prime number?
False
Let d(r) = 20*r**3 - 3*r**2 + 6*r - 5. Suppose 8 = -0*z + 4*z. Suppose -2*m = z*m - 8. Is d(m) a prime number?
False
Let t(l) = -l**3 + 11*l**2 - 31*l + 8. Let o be t(6). Suppose 15*q - 3*a = 12*q + 11217, o*a - 11207 = -3*q. Is q prime?
False
Suppose -5*o - 464284 = 6*o - 1492553. Is o composite?
False
Suppose 3*w = -x + 6*x - 123849, x - 24783 = 5*w. Suppose 0 = 3*y + 4*m - 24773, 90*y - 3*m + x = 93*y. Is y a composite number?
True
Let a = -70 - -70. Let b be (1 + a)/((-1236)/177 + 7). Let k = -4 + b. Is k prime?
False
Suppose 0 = -2*z - 5*j + 221574, 0 = -5*z + 39*j - 43*j + 553867. Is z a composite number?
True
Let y(h) = h - 15. Let q be y(13). Let t be (-4*4/8 + 2)/q. Suppose b + 3*b = 3*i + 4183, t = -i - 5. Is b a composite number?
True
Suppose -5*j + 8 = -g - 5, -3 = g. Let f = -3 + j. Let o(q) = -351*q - 4. Is o(f) prime?
True
Suppose -122*y + 51276050 = -6821248 - 5891336. Is y prime?
True
Suppose -u - 75625 - 64143 = -5*t, 0 = t - 3*u - 27962. Is t composite?
False
Suppose -86 = -2*t - 80. Let c(p) = -2*p + 6. Let a be c(4). Is (-2)/a*1*(t - -496) a composite number?
False
Suppose 0 = 5*l - d - 657600, -7*l = -3*l - 4*d - 526096. Is l a prime number?
True
Suppose 0 = -5*b - 4*r + 3617507, 142*b = 145*b + r - 2170500. Is b a composite number?
True
Let g be 1 + 0*(-2)/4. Let m be (2/(-10))/(15/150). Is g/m - (-3480)/16 a composite number?
True
Is (2/(-8))/(129/(-67253892)) a composite number?
False
Suppose 5*h - 30 = 4*k, -61*k + 64*k + 5 = -5*h. Suppose -12*t = -15*t + h*s + 44229, 2*t - 29467 = -5*s. Is t prime?
True
Suppose 25 + 23 = 16*p. Is (78/15 - p)*215 a prime number?
False
Let a(l) = 429*l - 26. Let j be a(-6). Let v = -864 - j. Suppose -5*y = -1649 - v. Is y a composite number?
False
Suppose 23*v + 4*v = 6079987 + 532880. Is v composite?
True
Suppose -3*l + 5*o + 15461 = 0, 4*l - 6*l = 5*o - 10324. Suppose 7*y = -l + 16630. Is y a composite number?
True
Let n(p) = -p**2 + 9 + 4*p**2 + 54*p - 11 + 92. Is n(-37) prime?
False
Let r = 75217 - 28538. Is r a prime number?
True
Suppose -l + 4*k + 4 = -0*l, 0 = 3*l - 4*k - 28. Suppose -7*z + l = -z. Suppose -5*t = -z*c - 4441, 0*t + 887 = t - c. Is t a composite number?
True
Let d(v) = -2*v**3 + 20*v**2 - 16*v - 5. Let l be d(9). Suppose -30940 = -l*s + 18811. Is s a prime number?
False
Suppose 4297741 = 51*g - 1455620. Is g a composite number?
True
Let k(s) = 2*s**2 - 2*s + 2. Let x be k(1). Suppose 7 = l - 3*j, -x*l + 6*j + 13 = j. Suppose h - 698 = -u, 1638 = -5*u + l*h + 5155. Is u prime?
True
Suppose -164*r + 39889183 = -2709981. Is r prime?
True
Let q = 1478 - 543. Let r = 68 + -63. Suppose -r*x - q = -t, -t + 870 = 5*x - 105. Is t prime?
False
Let v(i) = -i**3 + 11*i**2 - 19*i - 6. Let m be v(8). Suppose 30*o = m*o - 3284. Is o composite?
False
Suppose -82138311 = -100*g - 132*g + 61*g. Is g a prime number?
True
Suppose 0 = -22*s + 13*s + 373149. Suppose 5*i = -3*y - y + s, -3*i = 4*y - 41467. Is y a composite number?
False
Let y be 5 + 5/(-5 + 704/140). Suppose